{"id":60,"date":"2023-02-15T22:43:13","date_gmt":"2023-02-15T22:43:13","guid":{"rendered":"https:\/\/bahamondes.cl\/?page_id=60"},"modified":"2023-02-15T23:48:21","modified_gmt":"2023-02-15T23:48:21","slug":"nosotros","status":"publish","type":"page","link":"https:\/\/bahamondes.cl\/index.php\/nosotros\/","title":{"rendered":"Nosotros"},"content":{"rendered":"<p>[et_pb_section fb_built=\u00bb1&#8243; admin_label=\u00bbHero Section\u00bb _builder_version=\u00bb4.16&#8243; custom_padding=\u00bb0|0px|0px|0px\u00bb global_colors_info=\u00bb{}\u00bb theme_builder_area=\u00bbpost_content\u00bb][et_pb_row use_custom_gutter=\u00bbon\u00bb make_equal=\u00bbon\u00bb _builder_version=\u00bb4.16&#8243; width=\u00bb100%\u00bb max_width=\u00bb100%\u00bb custom_padding=\u00bb0px|0|0px|\u00bb use_custom_width=\u00bbon\u00bb width_unit=\u00bboff\u00bb custom_width_percent=\u00bb100%\u00bb global_colors_info=\u00bb{}\u00bb column_structure=\u00bb1_2,1_2&#8243; theme_builder_area=\u00bbpost_content\u00bb][et_pb_column type=\u00bb1_2&#8243; _builder_version=\u00bb4.16&#8243; custom_padding=\u00bb200px|4%|200px|8%\u00bb custom_padding_tablet=\u00bb60px|10%|60px|10%\u00bb custom_padding_last_edited=\u00bbon|tablet\u00bb global_colors_info=\u00bb{}\u00bb padding_tablet=\u00bb60px|10%|60px|10%\u00bb padding_last_edited=\u00bbon|tablet\u00bb custom_padding__hover=\u00bb|||\u00bb theme_builder_area=\u00bbpost_content\u00bb custom_padding_phone=\u00bb60px|10%|60px|10%\u00bb padding_phone=\u00bb60px|10%|60px|10%\u00bb][et_pb_text _builder_version=\u00bb4.19.5&#8243; text_font=\u00bb||||||||\u00bb header_font=\u00bb||||||||\u00bb header_3_font=\u00bbKarla|700||on|||||\u00bb header_3_text_color=\u00bb#c2ab92&#8243; header_3_font_size=\u00bb16px\u00bb header_3_letter_spacing=\u00bb1px\u00bb background_layout=\u00bbdark\u00bb max_width=\u00bb600px\u00bb module_alignment=\u00bbleft\u00bb custom_margin=\u00bb||20px|\u00bb hover_enabled=\u00bb0&#8243; locked=\u00bboff\u00bb global_colors_info=\u00bb{}\u00bb theme_builder_area=\u00bbpost_content\u00bb sticky_enabled=\u00bb0&#8243;]<\/p>\n<h3>Nosotros<\/h3>\n<p>[\/et_pb_text][et_pb_text _builder_version=\u00bb4.16&#8243; text_font=\u00bbKarla||||||||\u00bb text_font_size=\u00bb18px\u00bb text_line_height=\u00bb1.8em\u00bb header_font=\u00bbCormorant Garamond||||||||\u00bb header_font_size=\u00bb56px\u00bb header_line_height=\u00bb1.4em\u00bb header_2_font=\u00bb||||||||\u00bb header_3_font=\u00bb||||||||\u00bb max_width=\u00bb600px\u00bb header_font_size_tablet=\u00bb40px\u00bb header_font_size_phone=\u00bb\u00bb header_font_size_last_edited=\u00bbon|tablet\u00bb locked=\u00bboff\u00bb global_colors_info=\u00bb{}\u00bb theme_builder_area=\u00bbpost_content\u00bb]<\/p>\n<h3 id=\"custom-title-h3-1\" class=\"fx--fadein-ltr ui--animation-fire\" delay=\"0\"><strong>Peritos Chile &#8211; 30 a\u00f1os de experiencia<\/strong><\/h3>\n<div class=\"auto-format\">\n<p><span class=\"ui--block fx--fadein-ltr ui--animation-fire\" delay=\"400\">El perito Judicial es un profesional experto que tiene conocimiento sobre una determinada materia, arte u oficio a trav\u00e9s de sus conocimientos y estudios especializados, que ofrece informaci\u00f3n u opini\u00f3n fundada sobre los puntos que son materia de su informe.<\/span><\/p>\n<p>La actividad del Perito Judicial es como un operador jur\u00eddico m\u00e1s, de igual importancia que cualquier otro tal como sucede con el resto de los integrantes de un litigio.<\/p>\n<p>Siendo el Perito Judicial un experto, reconocido como el auxiliar de la justicia que colabora con la administraci\u00f3n de justicia en todos los aspectos cient\u00edficos o t\u00e9cnicos y encargado de solucionar en un proceso legal la aceptaci\u00f3n de la verdad cient\u00edfica y la entrega de real contundencia de las pruebas presentadas .<\/p>\n<p>Somos una empresa creada por profesionales del \u00e1rea Investigaci\u00f3n de Accidentes en el tr\u00e1nsito y Mec\u00e1nica, con m\u00e1s de 30 a\u00f1os de experiencia, cuyo objetivo es la prestaci\u00f3n del m\u00e1s completo servicio de gesti\u00f3n de alta calidad, rapidez y eficacia en los diversos accidentes del tr\u00e1nsito, tanto en Chile como en pa\u00edses l\u00edmitrofes.<\/p>\n<p>Se cuenta con una amplia experiencia en la investigaci\u00f3n de los m\u00e1s diversos accidentes de tr\u00e1nsito acontecidos en el pa\u00eds en el \u00faltimo tiempo, participando en connotados juicios del \u00e1rea Penal y Civil, que involucran accidentes de tr\u00e1nsito mineros, y ferroviarios, con fatales resultados y participaci\u00f3n de veh\u00edculos livianos, de transporte pesado y de pasajeros, los cuales se inspeccionan en la mayor\u00eda de la veces a las pocas horas de acontecido el accidente a petici\u00f3n y requerimiento de los Dptos. de Prevenci\u00f3n de Riesgos de empresas, Srs. Abogados y familiares de los involucrados, para as\u00ed entregar conclusiones al mandante como tambi\u00e9n a los diferentes Tribunales del pa\u00eds, Ministerio P\u00fablico-Defensor\u00eda Penal y especialmente a los Estudios Jur\u00eddicos, Compa\u00f1\u00edas de Seguros y muy especialmente a los Srs. Abogados independientes y a sus representados, con la finalidad de emprender la acciones legales pertinentes.<\/p>\n<\/div>\n<div class=\"ui--divider clearfix ui--divider-solid-line fx--fadein-ltr ui--animation-fire\" delay=\"800\"><\/div>\n<h1 id=\"custom-title-h1-1\" class=\"fx--fadein-ltr ui--animation-fire\" delay=\"1200\"><strong>ATENCI\u00d3N EN TODO CHILE:<\/strong><\/h1>\n<h4 id=\"custom-title-h4-1\" class=\"fx--fadein-ltr ui--animation-fire\" delay=\"1600\">Actualmente estamos inscritos en todas las jurisdicciones<br \/>de las Cortes de Apelaciones del pa\u00eds.<br \/>Desde Arica hasta Punta Arenas, ratificados por la Excma. Corte Suprema de Justicia.<\/h4>\n<p>[\/et_pb_text][\/et_pb_column][et_pb_column type=\u00bb1_2&#8243; _builder_version=\u00bb4.16&#8243; background_color=\u00bb#121212&#8243; use_background_color_gradient=\u00bbon\u00bb background_color_gradient_stops=\u00bbrgba(18,18,18,0.5) 0%|#121212 100%\u00bb background_color_gradient_overlays_image=\u00bbon\u00bb background_color_gradient_start=\u00bbrgba(18,18,18,0.5)\u00bb background_color_gradient_end=\u00bb#121212&#8243; background_image=\u00bbhttps:\/\/bahamondes.cl\/wp-content\/uploads\/2023\/02\/architect-firm-15.jpg\u00bb custom_padding=\u00bb100px||100px|\u00bb custom_padding_tablet=\u00bb60px||60px|\u00bb custom_padding_last_edited=\u00bbon|desktop\u00bb global_colors_info=\u00bb{}\u00bb padding_tablet=\u00bb60px||60px|\u00bb padding_last_edited=\u00bbon|desktop\u00bb custom_padding__hover=\u00bb|||\u00bb theme_builder_area=\u00bbpost_content\u00bb custom_padding_phone=\u00bb60px||60px|\u00bb padding_phone=\u00bb60px||60px|\u00bb][et_pb_image src=\u00bbhttps:\/\/bahamondes.cl\/wp-content\/uploads\/2023\/02\/julio-1140&#215;856-1.jpeg\u00bb align_tablet=\u00bbcenter\u00bb align_last_edited=\u00bbon|desktop\u00bb _builder_version=\u00bb4.19.5&#8243; max_width_tablet=\u00bb\u00bb max_width_phone=\u00bb\u00bb max_width_last_edited=\u00bbon|desktop\u00bb custom_margin=\u00bb|||-8%\u00bb custom_margin_tablet=\u00bb60px|60px|60px|60px\u00bb custom_margin_phone=\u00bb\u00bb custom_margin_last_edited=\u00bbon|desktop\u00bb custom_padding=\u00bb|||\u00bb animation_style=\u00bbslide\u00bb animation_direction=\u00bbright\u00bb animation_intensity_slide=\u00bb4%\u00bb animation_starting_opacity=\u00bb50%\u00bb hover_enabled=\u00bb0&#8243; box_shadow_style=\u00bbpreset3&#8243; box_shadow_blur=\u00bb80px\u00bb global_colors_info=\u00bb{}\u00bb theme_builder_area=\u00bbpost_content\u00bb title_text=\u00bbjulio-1140&#215;856&#8243; force_fullwidth=\u00bbon\u00bb min_height=\u00bb346px\u00bb sticky_enabled=\u00bb0&#8243; align_phone=\u00bbcenter\u00bb][\/et_pb_image][et_pb_text _builder_version=\u00bb4.19.5&#8243; _module_preset=\u00bbdefault\u00bb theme_builder_area=\u00bbpost_content\u00bb hover_enabled=\u00bb0&#8243; sticky_enabled=\u00bb0&#8243;]<\/p>\n<p>Julio Bahamondes<\/p>\n<p>Perito Judicial<\/p>\n<p>Accidentolog\u00eda vial<\/p>\n<p>[\/et_pb_text][\/et_pb_column][\/et_pb_row][\/et_pb_section][et_pb_section fb_built=\u00bb1&#8243; admin_label=\u00bbAbout\u00bb _builder_version=\u00bb4.16&#8243; background_color=\u00bb#121212&#8243; custom_padding=\u00bb100px|0px|0px|0px||\u00bb global_colors_info=\u00bb{}\u00bb theme_builder_area=\u00bbpost_content\u00bb min_height=\u00bb1099.4px\u00bb][et_pb_row _builder_version=\u00bb4.16&#8243; custom_margin=\u00bb||50px|\u00bb global_colors_info=\u00bb{}\u00bb column_structure=\u00bb1_3,2_3&#8243; theme_builder_area=\u00bbpost_content\u00bb min_height=\u00bb981.4px\u00bb][et_pb_column type=\u00bb1_3&#8243; _builder_version=\u00bb4.16&#8243; custom_padding=\u00bb|||\u00bb global_colors_info=\u00bb{}\u00bb custom_padding__hover=\u00bb|||\u00bb theme_builder_area=\u00bbpost_content\u00bb][et_pb_text _builder_version=\u00bb4.19.5&#8243; text_font=\u00bbKarla|700||on|||||\u00bb text_text_color=\u00bbrgba(255,255,255,0.4)\u00bb text_font_size=\u00bb13px\u00bb text_letter_spacing=\u00bb2px\u00bb background_layout=\u00bbdark\u00bb hover_enabled=\u00bb0&#8243; locked=\u00bboff\u00bb global_colors_info=\u00bb{}\u00bb theme_builder_area=\u00bbpost_content\u00bb sticky_enabled=\u00bb0&#8243;]<\/p>\n<h1><span style=\"color: #ff9900;\"><em><strong>Julio Bahamondes<\/strong><\/em><\/span><\/h1>\n<p>[\/et_pb_text][et_pb_text _builder_version=\u00bb4.16&#8243; text_font=\u00bbCormorant Garamond||||||||\u00bb text_text_color=\u00bb#ffffff\u00bb text_font_size=\u00bb26px\u00bb text_line_height=\u00bb1.8em\u00bb header_font=\u00bb||||||||\u00bb header_4_font=\u00bbKarla|700||on|||||\u00bb header_4_text_color=\u00bbrgba(255,255,255,0.4)\u00bb header_4_font_size=\u00bb13px\u00bb header_4_letter_spacing=\u00bb2px\u00bb header_4_line_height=\u00bb1.8em\u00bb background_layout=\u00bbdark\u00bb global_colors_info=\u00bb{}\u00bb theme_builder_area=\u00bbpost_content\u00bb custom_padding=\u00bb||0px|||\u00bb]<\/p>\n<p>Perito Judicial &#8211; Accidentolog\u00eda vial &#8211;\u00a0<\/p>\n<p>&nbsp;<\/p>\n<p>&nbsp;<\/p>\n<p>[\/et_pb_text][\/et_pb_column][et_pb_column type=\u00bb2_3&#8243; _builder_version=\u00bb4.16&#8243; custom_padding=\u00bb|||\u00bb global_colors_info=\u00bb{}\u00bb custom_padding__hover=\u00bb|||\u00bb theme_builder_area=\u00bbpost_content\u00bb][et_pb_text _builder_version=\u00bb4.19.5&#8243; text_font=\u00bbKarla||||||||\u00bb text_text_color=\u00bbrgba(255,255,255,0.7)\u00bb text_font_size=\u00bb18px\u00bb text_line_height=\u00bb1.8em\u00bb hover_enabled=\u00bb0&#8243; global_colors_info=\u00bb{}\u00bb theme_builder_area=\u00bbpost_content\u00bb sticky_enabled=\u00bb0&#8243; custom_padding=\u00bb||0px|||\u00bb]<\/p>\n<h1 id=\"custom-title-h1-1\" class=\"fx--fadein-ltr ui--animation-fire\" delay=\"1200\"><em><span style=\"color: #ff9900;\"><strong>ATENCI\u00d3N EN TODO CHILE:<\/strong><\/span><\/em><\/h1>\n<h4 id=\"custom-title-h4-1\" class=\"fx--fadein-ltr ui--animation-fire\" delay=\"1600\"><em><span style=\"color: #ff9900;\">Actualmente estamos inscritos en todas las jurisdicciones<\/span><\/em><br \/><em><span style=\"color: #ff9900;\">de las Cortes de Apelaciones del pa\u00eds.<\/span><\/em><br \/><em><span style=\"color: #ff9900;\">Desde Arica hasta Punta Arenas, ratificados por la Excma. Corte Suprema de Justicia.<\/span><\/em><\/h4>\n<p><em><span style=\"color: #ff9900;\"><\/span><\/em><\/p>\n<p>[\/et_pb_text][et_pb_image src=\u00bbhttps:\/\/bahamondes.cl\/wp-content\/uploads\/2023\/02\/LOGO-COLEGIO-PERITOS.jpeg\u00bb _builder_version=\u00bb4.19.5&#8243; _module_preset=\u00bbdefault\u00bb theme_builder_area=\u00bbpost_content\u00bb title_text=\u00bbLOGO-COLEGIO-PERITOS\u00bb hover_enabled=\u00bb0&#8243; sticky_enabled=\u00bb0&#8243;][\/et_pb_image][et_pb_tabs _builder_version=\u00bb4.19.5&#8243; _module_preset=\u00bbdefault\u00bb theme_builder_area=\u00bbpost_content\u00bb hover_enabled=\u00bb0&#8243; sticky_enabled=\u00bb0&#8243; custom_margin=\u00bb||-2px|||\u00bb][et_pb_tab title=\u00bb1975&#8243; _builder_version=\u00bb4.19.5&#8243; _module_preset=\u00bbdefault\u00bb theme_builder_area=\u00bbpost_content\u00bb hover_enabled=\u00bb0&#8243; sticky_enabled=\u00bb0&#8243;]<\/p>\n<p><span>Curso de Investigaci\u00f3n de Accidentes de Tr\u00e1nsito.<\/span><\/p>\n<p>[\/et_pb_tab][et_pb_tab title=\u00bb1988&#8243; _builder_version=\u00bb4.19.5&#8243; _module_preset=\u00bbdefault\u00bb theme_builder_area=\u00bbpost_content\u00bb hover_enabled=\u00bb0&#8243; sticky_enabled=\u00bb0&#8243;]<\/p>\n<p><span>Curso de Profesor de Carabineros.<\/span><br \/><span>Oficial Graduado en Ciencias Policiales.<\/span><\/p>\n<p>[\/et_pb_tab][et_pb_tab title=\u00bb1992&#8243; _builder_version=\u00bb4.19.5&#8243; _module_preset=\u00bbdefault\u00bb theme_builder_area=\u00bbpost_content\u00bb hover_enabled=\u00bb0&#8243; sticky_enabled=\u00bb0&#8243;]<\/p>\n<p><span>Programa en Gesti\u00f3n P\u00fablica.<\/span><\/p>\n<p>[\/et_pb_tab][et_pb_tab title=\u00bb1994&#8243; _builder_version=\u00bb4.19.5&#8243; _module_preset=\u00bbdefault\u00bb theme_builder_area=\u00bbpost_content\u00bb hover_enabled=\u00bb0&#8243; sticky_enabled=\u00bb0&#8243;]<\/p>\n<p><span>Curso de Gesti\u00f3n de Tr\u00e1nsito Urbano<\/span><br \/><span>Curso de Planificaci\u00f3n Urbana<\/span><\/p>\n<p>[\/et_pb_tab][et_pb_tab title=\u00bb2001&#8243; _builder_version=\u00bb4.19.5&#8243; _module_preset=\u00bbdefault\u00bb theme_builder_area=\u00bbpost_content\u00bb hover_enabled=\u00bb0&#8243; sticky_enabled=\u00bb0&#8243;]<\/p>\n<p><span>Primer Seminario Reforma Procesal Penal y Peritaje.<\/span><\/p>\n<p>[\/et_pb_tab][et_pb_tab title=\u00bb2004&#8243; _builder_version=\u00bb4.19.5&#8243; _module_preset=\u00bbdefault\u00bb theme_builder_area=\u00bbpost_content\u00bb hover_enabled=\u00bb0&#8243; sticky_enabled=\u00bb0&#8243;]<\/p>\n<p><span>T\u00e9cnico Nivel Superior en Ciencias Criminalisticas.<\/span><\/p>\n<p>[\/et_pb_tab][et_pb_tab title=\u00bb2014&#8243; _builder_version=\u00bb4.19.5&#8243; _module_preset=\u00bbdefault\u00bb theme_builder_area=\u00bbpost_content\u00bb hover_enabled=\u00bb0&#8243; sticky_enabled=\u00bb0&#8243;]<\/p>\n<p><span>\u2013 Asistencia al Centro de ENTRENAMIENTO en INVESTIGACI\u00d3N y RECONSTRUCCI\u00d3N de ACCIDENTES de TR\u00c1NSITO (Buenos Aires \u2013 Argentina).<\/span><\/p>\n<p><span>\u2013 Asistencia al 1er Encuentro de Cooperaci\u00f3n Interinstitucional de la REDLAJ, \u201cLa justicia Penal y el Debido Proceso\u201d(Santiago de Chile).<\/span><\/p>\n<p>[\/et_pb_tab][\/et_pb_tabs][\/et_pb_column][\/et_pb_row][\/et_pb_section]<\/p>\n","protected":false},"excerpt":{"rendered":"<p>NosotrosPeritos Chile &#8211; 30 a\u00f1os de experiencia El perito Judicial es un profesional experto que tiene conocimiento sobre una determinada materia, arte u oficio a trav\u00e9s de sus conocimientos y estudios especializados, que ofrece informaci\u00f3n u opini\u00f3n fundada sobre los puntos que son materia de su informe. La actividad del Perito Judicial es como un [&hellip;]<\/p>\n","protected":false},"author":1,"featured_media":0,"parent":0,"menu_order":0,"comment_status":"closed","ping_status":"closed","template":"","meta":{"_et_pb_use_builder":"on","_et_pb_old_content":"","_et_gb_content_width":""},"_links":{"self":[{"href":"https:\/\/bahamondes.cl\/index.php\/wp-json\/wp\/v2\/pages\/60"}],"collection":[{"href":"https:\/\/bahamondes.cl\/index.php\/wp-json\/wp\/v2\/pages"}],"about":[{"href":"https:\/\/bahamondes.cl\/index.php\/wp-json\/wp\/v2\/types\/page"}],"author":[{"embeddable":true,"href":"https:\/\/bahamondes.cl\/index.php\/wp-json\/wp\/v2\/users\/1"}],"replies":[{"embeddable":true,"href":"https:\/\/bahamondes.cl\/index.php\/wp-json\/wp\/v2\/comments?post=60"}],"version-history":[{"count":9,"href":"https:\/\/bahamondes.cl\/index.php\/wp-json\/wp\/v2\/pages\/60\/revisions"}],"predecessor-version":[{"id":86,"href":"https:\/\/bahamondes.cl\/index.php\/wp-json\/wp\/v2\/pages\/60\/revisions\/86"}],"wp:attachment":[{"href":"https:\/\/bahamondes.cl\/index.php\/wp-json\/wp\/v2\/media?parent=60"}],"curies":[{"name":"wp","href":"https:\/\/api.w.org\/{rel}","templated":true}]}}